[INFO] cloning repository https://github.com/TNice/my-rust-site
[INFO] running `Command { std: "git" "-c" "credential.helper=" "-c" "credential.helper=/workspace/cargo-home/bin/git-credential-null" "clone" "--bare" "https://github.com/TNice/my-rust-site" "/workspace/cache/git-repos/https%3A%2F%2Fgithub.com%2FTNice%2Fmy-rust-site", kill_on_drop: false }`
[INFO] [stderr] Cloning into bare repository '/workspace/cache/git-repos/https%3A%2F%2Fgithub.com%2FTNice%2Fmy-rust-site'...
[INFO] running `Command { std: "git" "rev-parse" "HEAD", kill_on_drop: false }`
[INFO] [stdout] 711b70d5516eb92e08d92a2c46546d613f978a84
[INFO] checking TNice/my-rust-site against master#9610dfe5a9a731ced1ea4923ecbd0c57fe367898 for beta-170-4
[INFO] running `Command { std: "git" "clone" "/workspace/cache/git-repos/https%3A%2F%2Fgithub.com%2FTNice%2Fmy-rust-site" "/workspace/builds/worker-7-tc1/source", kill_on_drop: false }`
[INFO] [stderr] Cloning into '/workspace/builds/worker-7-tc1/source'...
[INFO] [stderr] done.
[INFO] validating manifest of git repo https://github.com/TNice/my-rust-site on toolchain 9610dfe5a9a731ced1ea4923ecbd0c57fe367898
[INFO] running `Command { std: CARGO_HOME="/workspace/cargo-home" RUSTUP_HOME="/workspace/rustup-home" "/workspace/cargo-home/bin/cargo" "+9610dfe5a9a731ced1ea4923ecbd0c57fe367898" "metadata" "--manifest-path" "Cargo.toml" "--no-deps", kill_on_drop: false }`
[INFO] started tweaking git repo https://github.com/TNice/my-rust-site
[INFO] finished tweaking git repo https://github.com/TNice/my-rust-site
[INFO] tweaked toml for git repo https://github.com/TNice/my-rust-site written to /workspace/builds/worker-7-tc1/source/Cargo.toml
[INFO] crate git repo https://github.com/TNice/my-rust-site already has a lockfile, it will not be regenerated
[INFO] running `Command { std: CARGO_HOME="/workspace/cargo-home" RUSTUP_HOME="/workspace/rustup-home" "/workspace/cargo-home/bin/cargo" "+9610dfe5a9a731ced1ea4923ecbd0c57fe367898" "fetch" "--manifest-path" "Cargo.toml", kill_on_drop: false }`
[INFO] [stderr]     Updating crates.io index
[INFO] [stderr]  Downloading crates ...
[INFO] [stderr]   Downloaded normpath v0.3.2
[INFO] [stderr]   Downloaded tera v1.15.0
[INFO] [stderr]   Downloaded handlebars v4.3.0
[INFO] [stderr]   Downloaded ubyte v0.10.2
[INFO] [stderr]   Downloaded rocket_dyn_templates v0.1.0-rc.2
[INFO] running `Command { std: "docker" "create" "-v" "/var/lib/crater-agent-workspace/builds/worker-7-tc1/target:/opt/rustwide/target:rw,Z" "-v" "/var/lib/crater-agent-workspace/builds/worker-7-tc1/source:/opt/rustwide/workdir:ro,Z" "-v" "/var/lib/crater-agent-workspace/cargo-home:/opt/rustwide/cargo-home:ro,Z" "-v" "/var/lib/crater-agent-workspace/rustup-home:/opt/rustwide/rustup-home:ro,Z" "-e" "SOURCE_DIR=/opt/rustwide/workdir" "-e" "CARGO_TARGET_DIR=/opt/rustwide/target" "-e" "CARGO_HOME=/opt/rustwide/cargo-home" "-e" "RUSTUP_HOME=/opt/rustwide/rustup-home" "-w" "/opt/rustwide/workdir" "-m" "1610612736" "--user" "0:0" "--network" "none" "ghcr.io/rust-lang/crates-build-env/linux@sha256:19e73879b68f455e41552ea35293514db52ea292d993f571636dbffedb77a1ee" "/opt/rustwide/cargo-home/bin/cargo" "+9610dfe5a9a731ced1ea4923ecbd0c57fe367898" "metadata" "--no-deps" "--format-version=1", kill_on_drop: false }`
[INFO] [stdout] 753a95970f3903c473cd97fd9a910a064d61d43b3b61a4c9c36f292b774adb50
[INFO] running `Command { std: "docker" "start" "-a" "753a95970f3903c473cd97fd9a910a064d61d43b3b61a4c9c36f292b774adb50", kill_on_drop: false }`
[INFO] running `Command { std: "docker" "inspect" "753a95970f3903c473cd97fd9a910a064d61d43b3b61a4c9c36f292b774adb50", kill_on_drop: false }`
[INFO] running `Command { std: "docker" "rm" "-f" "753a95970f3903c473cd97fd9a910a064d61d43b3b61a4c9c36f292b774adb50", kill_on_drop: false }`
[INFO] [stdout] 753a95970f3903c473cd97fd9a910a064d61d43b3b61a4c9c36f292b774adb50
[INFO] running `Command { std: "docker" "create" "-v" "/var/lib/crater-agent-workspace/builds/worker-7-tc1/target:/opt/rustwide/target:rw,Z" "-v" "/var/lib/crater-agent-workspace/builds/worker-7-tc1/source:/opt/rustwide/workdir:ro,Z" "-v" "/var/lib/crater-agent-workspace/cargo-home:/opt/rustwide/cargo-home:ro,Z" "-v" "/var/lib/crater-agent-workspace/rustup-home:/opt/rustwide/rustup-home:ro,Z" "-e" "SOURCE_DIR=/opt/rustwide/workdir" "-e" "CARGO_TARGET_DIR=/opt/rustwide/target" "-e" "CARGO_INCREMENTAL=0" "-e" "RUST_BACKTRACE=full" "-e" "RUSTFLAGS=--cap-lints=forbid" "-e" "RUSTDOCFLAGS=--cap-lints=forbid" "-e" "CARGO_HOME=/opt/rustwide/cargo-home" "-e" "RUSTUP_HOME=/opt/rustwide/rustup-home" "-w" "/opt/rustwide/workdir" "-m" "1610612736" "--user" "0:0" "--network" "none" "ghcr.io/rust-lang/crates-build-env/linux@sha256:19e73879b68f455e41552ea35293514db52ea292d993f571636dbffedb77a1ee" "/opt/rustwide/cargo-home/bin/cargo" "+9610dfe5a9a731ced1ea4923ecbd0c57fe367898" "check" "--frozen" "--all" "--all-targets" "--message-format=json", kill_on_drop: false }`
[INFO] [stdout] bff6a0df572fa84d8620420c42e7be7ecfa4682026da7641b63d993971ed6090
[INFO] running `Command { std: "docker" "start" "-a" "bff6a0df572fa84d8620420c42e7be7ecfa4682026da7641b63d993971ed6090", kill_on_drop: false }`
[INFO] [stderr]    Compiling libc v0.2.126
[INFO] [stderr]    Compiling proc-macro2 v1.0.39
[INFO] [stderr]    Compiling unicode-ident v1.0.0
[INFO] [stderr]    Compiling syn v1.0.95
[INFO] [stderr]    Compiling log v0.4.17
[INFO] [stderr]    Compiling generic-array v0.14.5
[INFO] [stderr]    Compiling serde_derive v1.0.137
[INFO] [stderr]    Compiling serde v1.0.137
[INFO] [stderr]    Compiling uncased v0.9.7
[INFO] [stderr]    Compiling futures-core v0.3.21
[INFO] [stderr]    Compiling futures-channel v0.3.21
[INFO] [stderr]    Compiling proc-macro2-diagnostics v0.9.1
[INFO] [stderr]    Compiling ppv-lite86 v0.2.16
[INFO] [stderr]     Checking once_cell v1.12.0
[INFO] [stderr]    Compiling yansi v0.5.1
[INFO] [stderr]    Compiling subtle v2.4.1
[INFO] [stderr]     Checking itoa v1.0.2
[INFO] [stderr]     Checking slab v0.4.6
[INFO] [stderr]    Compiling httparse v1.7.1
[INFO] [stderr]    Compiling quote v1.0.18
[INFO] [stderr]    Compiling cpufeatures v0.2.2
[INFO] [stderr]    Compiling getrandom v0.2.6
[INFO] [stderr]     Checking signal-hook-registry v1.4.0
[INFO] [stderr]     Checking socket2 v0.4.4
[INFO] [stderr]     Checking mio v0.8.3
[INFO] [stderr]     Checking num_cpus v1.13.1
[INFO] [stderr]    Compiling rand_core v0.6.3
[INFO] [stderr]    Compiling pin-project-lite v0.2.9
[INFO] [stderr]    Compiling futures-task v0.3.21
[INFO] [stderr]    Compiling siphasher v0.3.10
[INFO] [stderr]    Compiling rand_chacha v0.3.1
[INFO] [stderr]    Compiling crypto-common v0.1.3
[INFO] [stderr]    Compiling phf_shared v0.10.0
[INFO] [stderr]    Compiling block-buffer v0.10.2
[INFO] [stderr]    Compiling opaque-debug v0.3.0
[INFO] [stderr]    Compiling rand v0.8.5
[INFO] [stderr]    Compiling futures-util v0.3.21
[INFO] [stderr]    Compiling digest v0.10.3
[INFO] [stderr]    Compiling universal-hash v0.4.1
[INFO] [stderr]    Compiling cipher v0.3.0
[INFO] [stderr]    Compiling cookie v0.16.0
[INFO] [stderr]    Compiling futures-sink v0.3.21
[INFO] [stderr]    Compiling ref-cast v1.0.7
[INFO] [stderr]    Compiling regex-syntax v0.6.26
[INFO] [stderr]     Checking futures-io v0.3.21
[INFO] [stderr]    Compiling polyval v0.5.3
[INFO] [stderr]     Checking http v0.2.7
[INFO] [stderr]    Compiling num-traits v0.2.15
[INFO] [stderr]    Compiling indexmap v1.8.2
[INFO] [stderr]    Compiling phf_generator v0.10.0
[INFO] [stderr]    Compiling fnv v1.0.7
[INFO] [stderr]    Compiling bytes v1.1.0
[INFO] [stderr]    Compiling phf_codegen v0.10.0
[INFO] [stderr]    Compiling tracing-core v0.1.26
[INFO] [stderr]    Compiling ghash v0.4.4
[INFO] [stderr]    Compiling regex v1.5.6
[INFO] [stderr]    Compiling aes v0.7.5
[INFO] [stderr]    Compiling ctr v0.8.0
[INFO] [stderr]    Compiling hmac v0.12.1
[INFO] [stderr]    Compiling parse-zoneinfo v0.3.0
[INFO] [stderr]    Compiling phf v0.10.1
[INFO] [stderr]    Compiling aead v0.4.3
[INFO] [stderr]     Checking aho-corasick v0.7.18
[INFO] [stderr]    Compiling num-integer v0.1.45
[INFO] [stderr]    Compiling crossbeam-utils v0.8.8
[INFO] [stderr]    Compiling serde_json v1.0.81
[INFO] [stderr]    Compiling bitflags v1.3.2
[INFO] [stderr]    Compiling num_threads v0.1.6
[INFO] [stderr]     Checking same-file v1.0.6
[INFO] [stderr]    Compiling try-lock v0.2.3
[INFO] [stderr]     Checking walkdir v2.3.2
[INFO] [stderr]    Compiling devise_core v0.3.1
[INFO] [stderr]    Compiling want v0.3.0
[INFO] [stderr]    Compiling tokio v1.18.2
[INFO] [stderr]    Compiling time v0.3.9
[INFO] [stderr]    Compiling aes-gcm v0.9.4
[INFO] [stderr]    Compiling chrono-tz-build v0.0.2
[INFO] [stderr]    Compiling hkdf v0.12.3
[INFO] [stderr]    Compiling http-body v0.4.5
[INFO] [stderr]    Compiling tracing v0.1.34
[INFO] [stderr]    Compiling sha2 v0.10.2
[INFO] [stderr]     Checking bstr v0.2.17
[INFO] [stderr]    Compiling memchr v2.5.0
[INFO] [stderr]    Compiling percent-encoding v2.1.0
[INFO] [stderr]     Checking unic-char-range v0.9.0
[INFO] [stderr]     Checking inlinable_string v0.1.15
[INFO] [stderr]     Checking ryu v1.0.10
[INFO] [stderr]    Compiling encoding_rs v0.8.31
[INFO] [stderr]    Compiling tower-service v0.3.1
[INFO] [stderr]    Compiling httpdate v1.0.2
[INFO] [stderr]    Compiling base64 v0.13.0
[INFO] [stderr]    Compiling parking_lot_core v0.9.3
[INFO] [stderr]     Checking unic-common v0.9.0
[INFO] [stderr]     Checking unic-ucd-version v0.9.0
[INFO] [stderr]    Compiling hyper v0.14.19
[INFO] [stderr]     Checking globset v0.4.8
[INFO] [stderr]    Compiling stable-pattern v0.1.0
[INFO] [stderr]    Compiling futures v0.3.21
[INFO] [stderr]     Checking unic-char-property v0.9.0
[INFO] [stderr]     Checking net2 v0.2.37
[INFO] [stderr]    Compiling chrono-tz v0.6.1
[INFO] [stderr]    Compiling pest_generator v2.1.3
[INFO] [stderr]     Checking iovec v0.1.4
[INFO] [stderr]     Checking thread_local v1.1.4
[INFO] [stderr]    Compiling atomic v0.5.1
[INFO] [stderr]    Compiling figment v0.10.6
[INFO] [stderr]    Compiling tokio-macros v1.7.0
[INFO] [stderr]    Compiling pear_codegen v0.2.3
[INFO] [stderr]    Compiling ref-cast-impl v1.0.7
[INFO] [stderr]    Compiling tracing-attributes v0.1.21
[INFO] [stderr]    Compiling devise_codegen v0.3.1
[INFO] [stderr]    Compiling multer v2.0.2
[INFO] [stderr]    Compiling state v0.5.3
[INFO] [stderr]    Compiling async-trait v0.1.53
[INFO] [stderr]     Checking pear v0.2.3
[INFO] [stderr]    Compiling devise v0.3.1
[INFO] [stderr]    Compiling pest_derive v2.1.0
[INFO] [stderr]     Checking ignore v0.4.18
[INFO] [stderr]    Compiling thiserror-impl v1.0.31
[INFO] [stderr]    Compiling rocket_http v0.5.0-rc.2
[INFO] [stderr]    Compiling async-stream-impl v0.3.3
[INFO] [stderr]     Checking mio v0.6.23
[INFO] [stderr]     Checking chrono v0.4.19
[INFO] [stderr]     Checking unic-ucd-segment v0.9.0
[INFO] [stderr]     Checking inotify-sys v0.1.5
[INFO] [stderr]    Compiling rocket v0.5.0-rc.2
[INFO] [stderr]     Checking deunicode v0.4.3
[INFO] [stderr]     Checking spin v0.9.3
[INFO] [stderr]     Checking remove_dir_all v0.5.3
[INFO] [stderr]     Checking lazycell v1.3.0
[INFO] [stderr]    Compiling glob v0.3.0
[INFO] [stderr]    Compiling gcc v0.3.55
[INFO] [stderr]    Compiling unicode-xid v0.2.3
[INFO] [stderr]     Checking thiserror v1.0.31
[INFO] [stderr]     Checking mio-extras v2.0.6
[INFO] [stderr]     Checking tempfile v3.3.0
[INFO] [stderr]     Checking slug v0.1.4
[INFO] [stderr]     Checking inotify v0.7.1
[INFO] [stderr]     Checking async-stream v0.3.3
[INFO] [stderr]     Checking parking_lot v0.12.0
[INFO] [stderr]     Checking unic-segment v0.9.0
[INFO] [stderr]     Checking globwalk v0.8.1
[INFO] [stderr]     Checking filetime v0.2.16
[INFO] [stderr]     Checking atty v0.2.14
[INFO] [stderr]     Checking rand v0.4.6
[INFO] [stderr]     Checking humansize v1.1.1
[INFO] [stderr]     Checking binascii v0.1.4
[INFO] [stderr]    Compiling rust-crypto v0.2.36
[INFO] [stderr]     Checking notify v4.0.17
[INFO] [stderr]     Checking tokio-util v0.7.2
[INFO] [stderr]     Checking tokio-util v0.6.10
[INFO] [stderr]     Checking tokio-stream v0.1.8
[INFO] [stderr]     Checking rand v0.3.23
[INFO] [stderr]     Checking time v0.1.43
[INFO] [stderr]     Checking normpath v0.3.2
[INFO] [stderr]     Checking rustc-serialize v0.3.24
[INFO] [stderr]    Compiling rocket_codegen v0.5.0-rc.2
[INFO] [stderr]     Checking toml v0.5.9
[INFO] [stderr]     Checking ubyte v0.10.2
[INFO] [stderr]     Checking h2 v0.3.13
[INFO] [stderr]     Checking handlebars v4.3.0
[INFO] [stderr]     Checking tera v1.15.0
[INFO] [stderr]     Checking rocket_dyn_templates v0.1.0-rc.2
[INFO] [stderr]     Checking out-site v0.1.0 (/opt/rustwide/workdir)
[INFO] [stdout] error[E0583]: file not found for module `constants`
[INFO] [stdout]   --> src/main.rs:19:1
[INFO] [stdout]    |
[INFO] [stdout] 19 | mod constants;
[INFO] [stdout]    | ^^^^^^^^^^^^^^
[INFO] [stdout]    |
[INFO] [stdout]    = help: to create the module `constants`, create file "src/constants.rs" or "src/constants/mod.rs"
[INFO] [stdout] 
[INFO] [stdout] 
[INFO] [stdout] error[E0583]: file not found for module `constants`
[INFO] [stdout]   --> src/main.rs:19:1
[INFO] [stdout]    |
[INFO] [stdout] 19 | mod constants;
[INFO] [stdout]    | ^^^^^^^^^^^^^^
[INFO] [stdout]    |
[INFO] [stdout]    = help: to create the module `constants`, create file "src/constants.rs" or "src/constants/mod.rs"
[INFO] [stdout] 
[INFO] [stdout] 
[INFO] [stdout] error[E0425]: cannot find value `USER_PATH` in module `constants`
[INFO] [stdout]   --> src/main.rs:54:39
[INFO] [stdout]    |
[INFO] [stdout] 54 |     let input = File::open(constants::USER_PATH);
[INFO] [stdout]    |                                       ^^^^^^^^^ not found in `constants`
[INFO] [stdout] 
[INFO] [stdout] 
[INFO] [stdout] error[E0425]: cannot find value `USER_PATH` in module `constants`
[INFO] [stdout]   --> src/main.rs:80:26
[INFO] [stdout]    |
[INFO] [stdout] 80 |         .open(constants::USER_PATH)
[INFO] [stdout]    |                          ^^^^^^^^^ not found in `constants`
[INFO] [stdout] 
[INFO] [stdout] 
[INFO] [stdout] error[E0425]: cannot find value `USER_PATH` in module `constants`
[INFO] [stdout]   --> src/main.rs:93:39
[INFO] [stdout]    |
[INFO] [stdout] 93 |     let input = File::open(constants::USER_PATH);
[INFO] [stdout]    |                                       ^^^^^^^^^ not found in `constants`
[INFO] [stdout] 
[INFO] [stdout] 
[INFO] [stdout] error[E0425]: cannot find value `USER_PATH` in module `constants`
[INFO] [stdout]   --> src/main.rs:54:39
[INFO] [stdout]    |
[INFO] [stdout] 54 |     let input = File::open(constants::USER_PATH);
[INFO] [stdout]    |                                       ^^^^^^^^^ not found in `constants`
[INFO] [stdout] 
[INFO] [stdout] 
[INFO] [stdout] error[E0425]: cannot find value `USER_PATH` in module `constants`
[INFO] [stdout]   --> src/main.rs:80:26
[INFO] [stdout]    |
[INFO] [stdout] 80 |         .open(constants::USER_PATH)
[INFO] [stdout]    |                          ^^^^^^^^^ not found in `constants`
[INFO] [stdout] 
[INFO] [stdout] 
[INFO] [stdout] error[E0425]: cannot find value `USER_PATH` in module `constants`
[INFO] [stdout]   --> src/main.rs:93:39
[INFO] [stdout]    |
[INFO] [stdout] 93 |     let input = File::open(constants::USER_PATH);
[INFO] [stdout]    |                                       ^^^^^^^^^ not found in `constants`
[INFO] [stdout] 
[INFO] [stdout] 
[INFO] [stdout] error: aborting due to 4 previous errors
[INFO] [stdout] 
[INFO] [stdout] 
[INFO] [stdout] Some errors have detailed explanations: E0425, E0583.
[INFO] [stdout] 
[INFO] [stdout] For more information about an error, try `rustc --explain E0425`.
[INFO] [stdout] 
[INFO] [stderr] error: could not compile `out-site` (bin "out-site" test) due to 5 previous errors
[INFO] [stderr] warning: build failed, waiting for other jobs to finish...
[INFO] [stdout] error: aborting due to 4 previous errors
[INFO] [stdout] 
[INFO] [stdout] 
[INFO] [stdout] Some errors have detailed explanations: E0425, E0583.
[INFO] [stdout] 
[INFO] [stdout] For more information about an error, try `rustc --explain E0425`.
[INFO] [stdout] 
[INFO] [stderr] error: could not compile `out-site` (bin "out-site") due to 5 previous errors
[INFO] running `Command { std: "docker" "inspect" "bff6a0df572fa84d8620420c42e7be7ecfa4682026da7641b63d993971ed6090", kill_on_drop: false }`
[INFO] running `Command { std: "docker" "rm" "-f" "bff6a0df572fa84d8620420c42e7be7ecfa4682026da7641b63d993971ed6090", kill_on_drop: false }`
[INFO] [stdout] bff6a0df572fa84d8620420c42e7be7ecfa4682026da7641b63d993971ed6090
